{"id":105,"date":"2013-08-12T14:51:53","date_gmt":"2013-08-12T14:51:53","guid":{"rendered":"http:\/\/www.baloncestobenahavis.com\/?page_id=105"},"modified":"2016-02-04T19:07:10","modified_gmt":"2016-02-04T18:07:10","slug":"porque-invertir","status":"publish","type":"page","link":"https:\/\/www.baloncestobenahavis.com\/?page_id=105","title":{"rendered":"\u00bf PORQU\u00c9 INVERTIR ?"},"content":{"rendered":"<p style=\"text-align: justify;\">El patrocinio deportivo es el medio que mayor crecimiento de inversi\u00f3n ha tenido durante los \u00faltimos a\u00f1os, considerando tanto medios convencionales como no convencionales. Adem\u00e1s, los valores y trayectoria de nuestro equipo pretenden adquirir un gran prestigio, y hacer de nuestro club una eficaz plataforma de comunicaci\u00f3n.<\/p>\n<p style=\"text-align: justify;\"><span style=\"text-decoration: underline;\"><strong>Ventajas de invertir en patrocinio deportivo:<\/strong><\/span><\/p>\n<ul style=\"text-align: justify;\">\n<li>El Patrocinio permite comunicarte y crear relaciones con tu p\u00fablico objetivo de una forma m\u00e1s cercana y personal.<\/li>\n<li>El p\u00fablico objetivo se muestra m\u00e1s receptivo al patrocinio, ayudando a mejorar el recuerdo de los valores asociados al mismo.<\/li>\n<li>Es una forma de diferenciarse de la competencia que aporta mayor prestigio, credibilidad y liderazgo en su sector.<\/li>\n<li>Patrocinar el deporte permite reforzar la notoriedad corporativa y compartir los valores asociados al mismo.<\/li>\n<li>El baloncesto, en concreto, es un deporte en crecimiento y con grandes expectativas de seguir creciendo.<\/li>\n<\/ul>\n<p style=\"text-align: justify;\"><span style=\"text-decoration: underline;\"><strong>Ventajas de invertir en el Club Baloncesto Benahavis Costa del Sol:<\/strong><\/span><\/p>\n<ul style=\"text-align: justify;\">\n<li>Una asociaci\u00f3n con nuestro equipo le permite asociarse a un proyecto s\u00f3lido el mundo del baloncesto, tanto a nivel comarcal, en toda la Costa del Sol, y en un futuro a nivel nacional.<\/li>\n<li>La realizaci\u00f3n de Torneos que implican equipos europeos, no proporciona un nivel internacional.<\/li>\n<li>Los valores asociados al equipo y que se transfieren a nuestros colaboradores son:<\/li>\n<\/ul>\n<ol style=\"text-align: justify;\">\n<ol>\n<li>Ambici\u00f3n tanto deportiva como empresarial.<\/li>\n<li>Innovador<\/li>\n<li>Solidez<\/li>\n<li>Dinamismo<\/li>\n<\/ol>\n<\/ol>\n<ul style=\"text-align: justify;\">\n<li>Poseemos una amplia experiencia en estudiar las necesidades de nuestros colaboradores y, en base a ello, elaborar diferentes acciones que permitan la m\u00e1xima difusi\u00f3n de la marca patrocinadora.<\/li>\n<\/ul>\n<p style=\"text-align: justify;\"><span style=\"text-decoration: underline;\"><strong>DATOS DE CONTACTO<\/strong><\/span><br \/>\nPabell\u00f3n de Deportes Benahav\u00eds<br \/>\nAvda.\/ Las Margaritas S\/N<br \/>\n29679 Benahav\u00eds &#8211; M\u00e1laga<\/p>\n<p style=\"text-align: justify;\">Tel. +34 609 003 040<br \/>\nFax +34 \u00a0952 795 453<\/p>\n<p style=\"text-align: justify;\">Email: <a href=\"mailto:baloncestobenahavis@gmail.com\">baloncestobenahavis@gmail.com<\/a><\/p>\n","protected":false},"excerpt":{"rendered":"<p>El patrocinio deportivo es el medio que mayor crecimiento de inversi\u00f3n ha tenido durante los..<\/p>\n","protected":false},"author":2,"featured_media":0,"parent":0,"menu_order":0,"comment_status":"open","ping_status":"closed","template":"","meta":{"footnotes":""},"class_list":["post-105","page","type-page","status-publish","hentry"],"_links":{"self":[{"href":"https:\/\/www.baloncestobenahavis.com\/index.php?rest_route=\/wp\/v2\/pages\/105","targetHints":{"allow":["GET"]}}],"collection":[{"href":"https:\/\/www.baloncestobenahavis.com\/index.php?rest_route=\/wp\/v2\/pages"}],"about":[{"href":"https:\/\/www.baloncestobenahavis.com\/index.php?rest_route=\/wp\/v2\/types\/page"}],"author":[{"embeddable":true,"href":"https:\/\/www.baloncestobenahavis.com\/index.php?rest_route=\/wp\/v2\/users\/2"}],"replies":[{"embeddable":true,"href":"https:\/\/www.baloncestobenahavis.com\/index.php?rest_route=%2Fwp%2Fv2%2Fcomments&post=105"}],"version-history":[{"count":4,"href":"https:\/\/www.baloncestobenahavis.com\/index.php?rest_route=\/wp\/v2\/pages\/105\/revisions"}],"predecessor-version":[{"id":2568,"href":"https:\/\/www.baloncestobenahavis.com\/index.php?rest_route=\/wp\/v2\/pages\/105\/revisions\/2568"}],"wp:attachment":[{"href":"https:\/\/www.baloncestobenahavis.com\/index.php?rest_route=%2Fwp%2Fv2%2Fmedia&parent=105"}],"curies":[{"name":"wp","href":"https:\/\/api.w.org\/{rel}","templated":true}]}}